d(-22).
-18
Let v(q) = -2*q**2 + 44*q - 251. Calculate v(15).
-41
Let f(r) = 699*r - 9805. What is f(14)?
-19
Let d(a) = -7*a**3 - 216*a**2 + 40*a + 159. Calculate d(-31).
-120
Let r(t) = t**3 - 34*t**2 + 36*t - 121. What is r(33)?
-22
Let t(n) = 408*n - 3684. Determine t(9).
-12
Let k(g) = g**3 + 35*g**2 - 501*g + 231. Determine k(-46).
1
Let d(t) = 34*t + 111. What is d(-4)?
-25
Let d(y) = -8657*y - 60603. Calculate d(-7).
-4
Let n(x) = -x**3 - 10*x**2 + 11*x + 24. Calculate n(6).
-486
Let t(k) = -16*k + 594. What is t(35)?
34
Let v(f) = -3*f**3 + 35*f**2 + 14*f + 11. Determine v(12).
35
Let w(n) = n**3 - 12*n**2 - 64*n - 118. Calculate w(17).
239
Let j(x) = x**2 - 162*x + 5045. Give j(42).
5
Let y(t) = 47*t - 2551. Determine y(54).
-13
Let z(y) = -7*y**2 - 219*y - 11. What is z(-31)?
51
Let g(z) = z**3 - 16*z**2 + 59*z - 1. Give g(12).
131
Let d(p) = p**3 + 16*p**2 + 21*p - 104. Determine d(-4).
4
Let o(x) = -x**3 - 12*x**2 + 6. Give o(-7).
-239
Let l(b) = -377*b - 1480. Calculate l(-6).
782
Let z(i) = -30*i - 839. Give z(-30).
61
Let w(c) = c**3 + 125*c**2 + 370*c + 502. Determine w(-122).
14
Let q(y) = -113*y + 101. Determine q(1).
-12
Let f(p) = -6*p**2 - 132*p - 84. What is f(-19)?
258
Let i(a) = -5*a**2 - 3*a + 13. Give i(-6).
-149
Let v(l) = -2*l**2 + 24*l + 212. What is v(17)?
42
Let z(j) = 7*j**2 + 7*j - 1162. Determine z(0).
-1162
Let q(y) = 2*y**3 - 44*y**2 - 6*y + 101. What is q(22)?
-31
Let n(q) = 9*q**2 + 58*q - 560. What is n(7)?
287
Let g(n) = -79*n + 577. Determine g(7).
24
Let i(r) = -9*r**2 - 30*r + 7. Give i(-9).
-452
Let u(l) = -l**2 - 1978*l - 44954. Calculate u(-23).
11
Let a(v) = -v**3 - 51*v**2 - 577*v + 322. Determine a(-18).
16
Let q(j) = 2*j**3 - 2*j**2 + 6*j - 60. What is q(5)?
170
Let p(b) = b**2 - 19*b + 91. What is p(15)?
31
Let g(z) = 64*z + 265. Give g(-5).
-55
Let v(z) = -z**3 - 12*z**2 + 321*z - 92. Give v(-25).
8
Let c(h) = -2*h**3 - 93*h**2 - 51*h + 61. Calculate c(-46).
291
Let j(z) = -3*z**3 + 83*z**2 - 51*z - 79. What is j(27)?
2
Let c(p) = -2*p**2 + 135*p - 115. What is c(67)?
-48
Let k(y) = 83*y - 625. What is k(6)?
-127
Let n(k) = 147*k + 1192. Determine n(-8).
16
Let c(w) = 12*w - 136. Calculate c(10).
-16
Let j(d) = 2*d**3 - 38*d**2 + 2*d - 48. Calculate j(19).
-10
Let y(g) = 2*g**2 + 82*g - 486. Give y(-45).
-126
Let l(o) = 969*o - 21324. What is l(22)?
-6
Let y(t) = 29*t - 1513. Determine y(53).
24
Let q(p) = 143*p + 637. Give q(-5).
-78
Let i(f) = 2*f**3 - 7*f**2 + 5*f + 30. Determine i(6).
240
Let w(g) = -13*g**2 + 57*g - 12. Calculate w(4).
8
Let z(o) = o**3 + 25*o**2 - 100*o - 84. Determine z(-29).
-548
Let w(t) = 14*t**3 + 60*t**2 + t + 4. Give w(-4).
64
Let w(q) = -205*q - 1388. What is w(-6)?
-158
Let a(z) = z**3 - 18*z**2 + 8*z - 34. Calculate a(16).
-418
Let g(x) = x**2 - 126*x + 3956. Give g(67).
3
Let j(q) = -3*q**3 + 20*q**2 + 6*q - 10. Determine j(7).
-17
Let t(w) = -w**2 - 74*w + 417. Calculate t(-79).
22
Let z(r) = -2*r**2 + 23*r - 177. Determine z(6).
-111
Let n(r) = -8*r**2 - 12*r - 15. Give n(-6).
-231
Let g(j) = 25*j**3 + 100*j**2 + j + 2. Give g(-4).
-2
Let b(h) = -185*h**2 - 12*h - 3. What is b(-1)?
-176
Let n(s) = 1025*s + 8196. Give n(-8).
-4
Let j(n) = -176*n - 2795. Determine j(-12).
-683
Let i(v) = 2*v**2 - 1267*v + 22173. Determine i(18).
15
Let u(w) = w**2 + 171*w + 7059. Calculate u(-99).
-69
Let s(d) = -2*d**2 + 29*d + 143. Give s(-3).
38
Let l(y) = -y**3 - 11*y**2 - 15*y - 95. Calculate l(-10).
-45
Let v(q) = -5*q**2 - 167*q - 1132. Calculate v(-10).
38
Let s(u) = 2*u**2 + 2*u - 388. Give s(-13).
-76
Let b(x) = -8*x**2 - 75*x - 67. Calculate b(-1).
0
Let c(t) = 4*t**3 + 161*t**2 - 121*t + 83. Calculate c(-41).
1
Let n(s) = s**2 + 62*s - 1958. Give n(23).
-3
Let h(y) = y**2 + 34*y - 181. What is h(5)?
14
Let p(x) = 18*x + 1968. Determine p(-109).
6
Let s(d) = -3*d**2 - 2*d + 210. Determine s(11).
-175
Let t(k) = -195*k - 2013. What is t(-11)?
132
Let t(s) = -s**3 + 16*s**2 + 9*s - 39. What is t(16)?
105
Let t(g) = 6*g**3 - 8*g**2 - 5*g + 12. Calculate t(4).
248
Let s(g) = -21*g**2 + 19*g + 29. Calculate s(-2).
-93
Let f(c) = 2045*c + 126796. Give f(-62).
6
Let g(s) = 560*s - 3177. Determine g(6).
183
Let b(z) = 22*z**3 - 2*z**2 + 4*z - 2. Calculate b(2).
174
Let u(x) = -6*x**2 + 51*x + 15. Give u(8).
39
Let h(f) = 2*f**3 - 39*f**2 - 25*f - 36. Determine h(20).
-136
Let j(q) = 3*q**2 + 43*q - 813. What is j(11)?
23
Let n(j) = -j**3 + 5*j**2 - 19*j + 16. Determine n(2).
-10
Let o(s) = 13*s - 166. Calculate o(6).
-88
Let l(a) = 12*a + 5. Determine l(-6).
-67
Let t(b) = 85*b + 14790. Give t(-174).
0
Let n(y) = -20*y - 973. Calculate n(-46).
-53
Let u(h) = -3*h**2 + 6*h + 4. Determine u(-3).
-41
Let k(j) = -2*j**2 - 159*j + 738. Determine k(-84).
-18
Let t(n) = -535*n**2 + 23*n - 22. Determine t(1).
-534
Let j(m) = 10*m**2 + 105*m - 409. Determine j(3).
-4
Let z(x) = 2*x**3 + 196*x**2 - 202*x - 141. Give z(-99).
255
Let z(l) = 86*l + 1259. Calculate z(-7).
657
Let m(n) = 8*n**2 + 397*n - 4232. Give m(9).
-11
Let r(g) = 5*g**2 - 43*g - 244. Determine r(12).
-40
Let a(n) = -n**3 + n**2 - 4266*n + 17115. Give a(4).
3
Let p(j) = -j**2 - j + 12219. Calculate p(110).
9
Let c(v) = v**3 - 3*v**2 + 22*v - 37. What is c(3)?
29
Let r(d) = 2*d**3 + 47*d**2 + 7*d - 347. Calculate r(-23).
21
Let x(y) = -349*y + 3118. What is x(9)?
-23
Let t(b) = -8*b - 302. Determine t(-38).
2
Let p(a) = -2*a**3 + 231*a**2 + 597*a - 834. Give p(118).
-8
Let s(b) = 49*b + 2209. Calculate s(-41).
200
Let h(q) = 10*q**2 + 110*q + 19. Determine h(-11).
19
Let v(a) = -5*a - 712. What is v(-143)?
3
Let q(k) = -6*k**2 + 34*k + 231. Calculate q(-4).
-1
Let o(u) = -u**3 - 58*u**2 + 591*u + 108. Determine o(9).
0
Let p(y) = -4*y**3 - 38*y**2 - 15*y + 27. Give p(-9).
0
Let f(m) = 16*m**3 - 2*m**2 + 15*m - 29. Calculate f(2).
121
Let b(j) = -j**2 - 2999*j + 12011. What is b(4)?
-1
Let y(a) = -a**2 + 88*a + 981. Give y(-10).
1
Let q(v) = v**3 - 24*v**2 + 31*v + 12. Calculate q(23).
196
Let w(i) = -18*i**2 + 6*i - 8. Determine w(2).
-68
Let m(t) = t**2 + 26*t + 281. Give m(-21).
176
Let b(u) = -176*u**3 + 6*u**2 + 4*u - 3. Determine b(-1).
175
Let y(k) = 15*k**3 + 106*k**2 + 4*k + 1. What is y(-7)?
22
Let k(r) = -53*r**2 - 476*r - 9. Give k(-9).
-18
Let q(v) = -v**2 - 12*v - 15. Determine q(-11).
-4
Let n(x) = -x**3 + 23*x**2 - 27*x + 82. Calculate n(22).
-28
Let x(s) = -19*s**2 - 18*s + 64. What is x(-3)?
-53
Let r(w) = -2*w**3 + w**2 + 4*w - 213. What is r(0)?
-213
Let l(h) = -h**3 + 20*h**2 - 94*h + 14. What is l(13)?
-25
Let q(x) = -56*x + 1020. Determine q(18).
12
Let a(i) = -3*i**2 - 112*i + 53356. Calculate a(116).
-4
Let i(q) = -35*q - 1386. Calculate i(-41).
49
Let r(k) = -83*k + 80. Determine r(8).
-584
Let m(n) = n**2 - 4*n + 55. Give m(5).
60
Let v(j) = j**3 - 71*j**2 - 2537*j + 1452. What is v(97)?
-3
Let j(g) = -g**2 - 82*g - 1528. Calculate j(-29).
9
Let j(n) = -143*n + 12321. Give j(86).
23
Let d(c) = c**3 - 22*c**2 - 3047*c - 1439. Determine d(-45).
1
Let n(x) = -57*x - 138. Give n(-4).
90
Let z(h) = -2*h**2 + 13*h + 7306. Calculate z(-57).
67
Let x(z) = -46*z - 146. What is x(-7)?
176
Let p(k) = -k**3 + 15*k**2 - 39*k - 92. Give p(10).
18
Let x(h) = 2*h**3 + 6*h**2 + 15*h + 28. Give x(-2).
6
Let l(r) = -167*r - 1369. Give l(-9).
134
Let q(r) = r**3 + 13*r**2 - 46*r - 96. What is q(-15)?
144
Let d(s) = -s**3 - 4*s**2 + 6*s - 184. Give d(0).
-184
Let m(j) = -2*j**3 - 106*j**2 + 104*j - 186. What is m(-54)?
30
Let n(q) = q**2 - 129*q - 413. Calculate n(-3).
-17
Let z(n) = -n**3 - 34*n**2 - 89*n + 170. What is z(-31)?
46
Let x(c) = c**2 - 35*c - 40. Calculate x(36).
-4
Let k(n) = 503*n - 1463. Give k(3).
46
Let z(f) = f**3 + 11*f**2 + 4*f + 7. Give z(-7).
175
Let s(a) = -a**3 - 15*a**2 - 4*a + 6. Calculate s(-5).
-224
Let z(l) = -l**3 + 22*l**2 - 106*l + 4. Give z(6).
-56
Let b(d) = d**3 - 9*d**2 + 16*d + 8. Give b(4).
-8
Let m(w) = -w**2 + 185. Give m(-14).
-11
Let f(g) = -982*g + 2902. Calculate f(3).
-44
Let i(k) = -k**3 + 2*k**2 - 261*k - 24. Calculate i(0).
-24
Let k(f) = 3*f**3 + 5*f**2 + 51*f + 95. Give k(-2).
-11
Let c(d) = 2*d**3 - 46*d**2 - 31*d - 24. Calculate c(24).
384
Let i(u) = -4*u**2 - 112*u - 194. Calculate i(-26).
14
Let o(k) = 909*k - 7267. What is o(8)?
5
Let m(w) = -w**2 + 